of 24290?
0
What is the tens digit of 2916175?
7
What is the thousands digit of 344557?
4
What is the tens digit of 27973724?
2
What is the units digit of 112859?
9
What is the hundreds digit of 22615750?
7
What is the ten millions digit of 10799628?
1
What is the hundreds digit of 6788792?
7
What is the millions digit of 15067856?
5
What is the hundred thousands digit of 276102?
2
What is the hundred thousands digit of 418831?
4
What is the units digit of 14225815?
5
What is the thousands digit of 7830470?
0
What is the hundred thousands digit of 198204?
1
What is the thousands digit of 11274857?
4
What is the ten thousands digit of 3712113?
1
What is the units digit of 67611?
1
What is the tens digit of 275615?
1
What is the thousands digit of 40996283?
6
What is the ten thousands digit of 413289?
1
What is the units digit of 328076?
6
What is the thousands digit of 12498837?
8
What is the units digit of 25446?
6
What is the thousands digit of 84014?
4
What is the hundred thousands digit of 861623?
8
What is the ten thousands digit of 11785371?
8
What is the ten thousands digit of 1645286?
4
What is the hundred thousands digit of 1227058?
2
What is the ten thousands digit of 1471964?
7
What is the ten thousands digit of 300421?
0
What is the ten thousands digit of 7726370?
2
What is the millions digit of 3116008?
3
What is the units digit of 1400115?
5
What is the units digit of 430278?
8
What is the ten millions digit of 10585083?
1
What is the hundred thousands digit of 143572?
1
What is the thousands digit of 204873?
4
What is the ten thousands digit of 14505426?
0
What is the hundreds digit of 1223750?
7
What is the ten thousands digit of 523513?
2
What is the millions digit of 3784335?
3
What is the hundred thousands digit of 539514?
5
What is the units digit of 23844439?
9
What is the hundreds digit of 480011?
0
What is the tens digit of 375688?
8
What is the millions digit of 16455734?
6
What is the units digit of 29482?
2
What is the thousands digit of 1168211?
8
What is the ten thousands digit of 1524731?
2
What is the ten thousands digit of 212233?
1
What is the tens digit of 10932889?
8
What is the hundred thousands digit of 2901922?
9
What is the thousands digit of 27062857?
2
What is the tens digit of 25115375?
7
What is the millions digit of 8445772?
8
What is the thousands digit of 121480?
1
What is the thousands digit of 19554576?
4
What is the tens digit of 351484?
8
What is the thousands digit of 2223931?
3
What is the tens digit of 2442998?
9
What is the tens digit of 460804?
0
What is the tens digit of 503563?
6
What is the hundred thousands digit of 408301?
4
What is the hundred thousands digit of 4702355?
7
What is the hundreds digit of 91419?
4
What is the ten thousands digit of 2630984?
3
What is the ten thousands digit of 2018443?
1
What is the hundreds digit of 55200?
2
What is the tens digit of 3734040?
4
What is the tens digit of 803694?
9
What is the units digit of 46240?
0
What is the tens digit of 1056436?
3
What is the ten millions digit of 13352512?
1
What is the millions digit of 10688110?
0
What is the hundred thousands digit of 14802891?
8
What is the units digit of 914683?
3
What is the thousands digit of 342962?
2
What is the tens digit of 32654?
5
What is the tens digit of 4156900?
0
What is the ten thousands digit of 167468?
6
What is the thousands digit of 1844748?
4
What is the units digit of 22547735?
5
What is the hundred thousands digit of 2397578?
3
What is the thousands digit of 382810?
2
What is the millions digit of 2525500?
2
What is the hundreds digit of 7828781?
7
What is the hundred thousands digit of 443887?
4
What is the ten thousands digit of 11791?
1
What is the ten thousands digit of 194535?
9
What is the hundred thousands digit of 1839541?
8
What is the millions digit of 2584559?
2
What is the tens digit of 18268325?
2
What is the hundred thousands digit of 220176?
2
What is the tens digit of 2236257?
5
What is the ten thousands digit of 725998?
2
What is the hundred thousands digit of 346421?
3
What is the tens digit of 185082?
8
What is the ten thousands digit of 644567?
4
What is the tens digit of 21801387?
8
What is the tens digit of 491738?
3
What is the ten thousands digit of 10214528?
1
What is the units digit of 20472111?
1
What is the tens digit of 31059937?
3
What is the tens digit of 19836592?
9
What is the hundred thousands digit of 2459948?
4
What is the ten thousands digit of 835333?
3
What is the ten thousands digit of 1153117?
5
What is the ten thousands digit of 75930?
7
What is the tens digit of 13885470?
7
What is the hundred thousands digit of 2241129?
2
What is the thousands digit of 2261639?
1
What is the thousands digit of 757515?
7
What is the ten thousands digit of 314822?
1
What is the hundred thousands digit of 3385821?
3
What is the thousands digit of 4300160?
0
What is the thousands digit of 263103?
3
What is the units digit of 79780?
0
What is the millions digit of 5605040?
5
What is the thousands digit of 2812262?
2
What is the hundred thousands digit of 695706?
6
What is the hundreds digit of 2854836?
8
What is the millions digit of 17048168?
7
What is the hundreds digit of 11235930?
9
What is the hundred thousands digit of 1146891?
1
What is the hundreds digit of 334143?
1
What is the hundreds digit of 5947?
9
What is the hundreds digit of 1723802?
8
What is the ten thousands digit of 8540118?
4
What is the millions digit of 5383642?
5
What is the tens digit of 3268?
6
What is the hundred thousands digit of 344736?
3
What is the hundred thousands digit of 202445?
2
What is the ten thousands digit of 7938166?
3
What is the tens digit of 163196?
9
What is the millions digit of 19020228?
9
What is the hundred thousands digit of 6599423?
5
What is the hundred thousands digit of 1497913?
4
What is the hundred thousands digit of 337473?
3
What is the millions digit of 1698171?
1
What is the tens digit of 2801137?
3
What is the units digit of 176620?
0
What is the tens digit of 4489584?
8
What is the hundreds digit of 306228?
2
What is the thousands digit of 9403711?
3
What is the thousands digit of 59990?
9
What is the millions digit of 1747320?
1
What is the hundred thousands digit of 155260?
1
What is the ten millions digit of 10618136?
1
What is the units digit of 592591?
1
What is the units digit of 4054146?
6
What is the ten millions digit of 14405990?
1
What is the units digit of 2365240?
0
What is the units digit of 95564?
4
What is the units digit of 3411038?
8
What is the hundred thousands digit of 368497?
3
What is the hundreds digit of 3135635?
6
What is the ten thousands digit of 184285?
8
What is the hundred thousands digit of 829389?
8
What is the thousands digit of 4138251?
8
What is the tens digit of 2793157?
5
What is the units digit of 15611085?
5
What is the hundreds digit of 1857193?
1
What is the units digit of 14707139?
9
What is the ten thousands digit of 271487?
7
What is the tens digit of 12189098?
9
What is the ten thousands digit of 2076219?
7
What is the hundred thousands digit of 1441235?
4
What is the tens digit of 433386?
8
What is the tens digit of 221812?
1
What is the hundred thousands digit of 153002?
1
What is the hundred thousands digit of 802404?
8
What is the tens digit of 5391309?
0
What is the units digit of 75017?
7
What is the units digit of 6436605?
5
What is the thousands digit of 3230500?
0
What is the thousands digit of 1077373?
7
What is the thousands digit of 1692013?
2
What is the thousands digit of 5588507?
8
What is the ten thousands digit of 925553?
2
What is the millions digit of 8161650?
8
What is the hundreds digit of 1616928?
9
What is the hundreds digit of 260766?
7
What is the tens digit of 5750376?
7
What is the millions digit of 15412360?
5
What is the tens digit of 629651?
5
What is the hundred thousands digit of 183819?
1
What is the hundreds digit of 275727?
7
What is the hundreds digit of 4880953?
9
What is the hundreds digit of 2304562?
5
What is the ten thousands digit of 277871?
7
What is the hundreds digit of 6763668?
6
What is the thousands digit of 141157?
1
What is the hundreds digit of 585733?
7
What is the thousands digit of 662324?
2
What is the units digit of 5138836?
6
What is